734 and 488?
122
Calculate the greatest common factor of 2365504 and 230.
46
What is the highest common divisor of 73872 and 80?
16
What is the highest common factor of 292556 and 61?
61
What is the highest common divisor of 42 and 56427?
21
What is the highest common factor of 15020 and 30?
10
Calculate the greatest common factor of 974 and 184573.
487
What is the greatest common factor of 176837 and 6839?
977
Calculate the highest common factor of 16185500 and 500.
500
Calculate the greatest common divisor of 2 and 1308578.
2
What is the highest common factor of 234543 and 999?
111
Calculate the greatest common divisor of 19 and 226879.
19
Calculate the highest common factor of 30723 and 1029.
147
Calculate the highest common divisor of 24870 and 540.
30
Calculate the greatest common divisor of 306 and 576.
18
Calculate the greatest common factor of 1716 and 69828.
132
Calculate the highest common factor of 649 and 2233.
11
Calculate the highest common divisor of 80993 and 187.
11
What is the highest common factor of 112 and 203?
7
What is the highest common divisor of 42 and 38931?
3
Calculate the greatest common factor of 174 and 1032661.
29
Calculate the greatest common factor of 177282 and 201.
201
Calculate the greatest common factor of 8696 and 344.
8
Calculate the highest common divisor of 16280 and 13912.
296
What is the greatest common divisor of 1299990 and 170?
170
Calculate the greatest common divisor of 266 and 5244.
38
Calculate the highest common divisor of 160 and 2011760.
80
What is the greatest common factor of 778134 and 9?
3
What is the greatest common divisor of 12008 and 10792?
152
Calculate the greatest common divisor of 2848 and 34592.
32
Calculate the highest common divisor of 37208 and 162.
2
Calculate the greatest common divisor of 15 and 3648435.
15
Calculate the highest common divisor of 48 and 65628.
12
Calculate the highest common divisor of 1649794 and 47.
47
Calculate the highest common divisor of 73 and 6245296.
73
What is the highest common factor of 615701 and 159?
53
Calculate the greatest common factor of 7739 and 545.
109
Calculate the highest common divisor of 1 and 27362.
1
Calculate the greatest common divisor of 182 and 8193913.
91
Calculate the greatest common factor of 284 and 3487662.
142
What is the highest common factor of 233216 and 512?
256
Calculate the highest common factor of 11450 and 1250.
50
Calculate the highest common factor of 7 and 235403.
7
Calculate the highest common factor of 119 and 283339.
119
What is the greatest common factor of 2222 and 1818?
202
Calculate the highest common factor of 288 and 191008.
32
What is the greatest common divisor of 139107 and 1869?
267
Calculate the highest common divisor of 2081705 and 223.
223
Calculate the highest common divisor of 176139 and 63.
9
Calculate the highest common divisor of 32065 and 275.
55
What is the greatest common divisor of 544167 and 13?
13
What is the greatest common divisor of 24 and 25464?
24
Calculate the greatest common factor of 159850 and 150.
50
What is the highest common divisor of 214144 and 672?
224
Calculate the highest common factor of 1616 and 157762.
202
What is the greatest common factor of 15642 and 2178?
198
What is the greatest common divisor of 223968 and 1056?
96
Calculate the greatest common factor of 113028 and 12.
12
What is the highest common divisor of 29034 and 54?
18
Calculate the highest common factor of 50 and 2245.
5
Calculate the greatest common divisor of 5470 and 130.
10
Calculate the highest common divisor of 2790 and 194432.
62
What is the greatest common divisor of 11680 and 224?
32
What is the highest common divisor of 12672 and 4532?
44
What is the greatest common divisor of 96 and 386544?
48
Calculate the highest common divisor of 61172 and 328.
164
Calculate the highest common factor of 75 and 635725.
25
What is the highest common factor of 58696 and 682088?
2024
Calculate the highest common divisor of 635 and 855345.
635
Calculate the highest common divisor of 3309 and 4724149.
1103
What is the highest common factor of 22710 and 180?
30
What is the highest common factor of 39519 and 3879?
9
Calculate the highest common divisor of 241 and 3043107.
241
Calculate the highest common factor of 230 and 76245.
115
What is the greatest common divisor of 215685 and 90?
45
Calculate the greatest common divisor of 23419 and 11.
11
Calculate the greatest common divisor of 19860 and 2040.
60
Calculate the greatest common factor of 1821 and 6.
3
Calculate the highest common divisor of 3916 and 23941.
89
Calculate the highest common factor of 23868 and 2125.
17
Calculate the highest common factor of 400 and 3728.
16
What is the highest common divisor of 460668 and 24?
12
Calculate the greatest common factor of 6336 and 306.
18
Calculate the greatest common factor of 88150 and 1558.
82
What is the highest common factor of 105 and 360?
15
What is the greatest common factor of 17119 and 57?
19
Calculate the greatest common divisor of 4596 and 636.
12
Calculate the greatest common factor of 25160 and 2346.
34
What is the highest common divisor of 60 and 855090?
30
What is the highest common divisor of 1496 and 436304?
88
Calculate the greatest common factor of 366 and 85827.
183
Calculate the highest common divisor of 536 and 141102.
134
Calculate the highest common factor of 257041 and 401.
401
Calculate the highest common factor of 898 and 1399982.
898
Calculate the greatest common factor of 448 and 9184.
224
Calculate the highest common divisor of 92350 and 200.
50
What is the highest common divisor of 3599 and 793?
61
What is the highest common divisor of 378 and 4986?
18
What is the greatest common divisor of 396 and 77484?
132
What is the greatest common divisor of 125734 and 147?
49
Calculate the greatest common divisor of 4290 and 3705.
195
Calculate the greatest common divisor of 9 and 151317.
9
Calculate the highest common factor of 428 and 254339.
107
Calculate the greatest common divisor of 13067 and 1679.
73
What is the highest common factor of 578 and 24650?
34
Calculate the highest common divisor of 107360 and 64.
32
What is the greatest common divisor of 54219 and 159?
159
What is the highest common factor of 575786 and 3568?
446
What is the highest common factor of 510 and 85170?
510
Calculate the greatest common divisor of 11810012 and 604.
604
Calculate the greatest common divisor of 53712 and 288.
144
Calculate the greatest common factor of 1170 and 12610.
130
Calculate the greatest common divisor of 1633628 and 116.
116
Calculate the highest common factor of 56 and 5572.
28
What is the greatest common factor of 3 and 81717?
3
What is the highest common divisor of 225 and 1647?
9
What is the highest common factor of 2139 and 782?
23
What is the greatest common divisor of 170 and 443105?
85
What is the highest common divisor of 3731 and 4186?
91
Calculate the greatest common factor of 122 and 549.
61
Calculate the highest common factor of 1824 and 1976.
152
Calculate the greatest common factor of 68885 and 115.
115
Calculate the greatest common divisor of 36 and 107928.
36
What is the highest common divisor of 51155 and 10?
5
Calculate the highest common divisor of 12282 and 6942.
534
Calculate the greatest common factor of 37 and 1542826.
37
Calculate the greatest common factor of 660 and 405680.
220
What is the highest common factor of 9435 and 156009?
51
What is the highest common factor of 536 and 104?
8
Calculate the greatest common divisor of 1098 and 149694.
366
What is the greatest common factor of 4 and 6053752?
4
What is the highest common divisor of 332 and 19837?
83
What is the greatest common divisor of 105931 and 74?
37
What is the highest common factor of 90 and 10116?
18
Calculate the greatest common factor of 30 and 260070.
30
Calculate the greatest common factor of 56 and 1902936.
56
Calculate the greatest common divisor of 2148291 and 261.
261
What is the highest common divisor of 159237 and 117?
117
Calculate the greatest common divisor of 43772 and 95310.
706
Calculate the highest common divisor of 999 and 14356.
37
What is the highest common factor of 18 and 573282?
18
Calculate the highest common divisor of 655612 and 2008.
1004
Calculate the greatest com